q**2 + 6*q + 3. Let t be h(-7). Let y be t/(2/32*4). Suppose -4*z + y = 16. Calculate the highest common divisor of z and 17.
17
Let x(o) = -o**3 + 10*o**2 - 2*o + 13. Let p(m) = m**2 + m. Let q(j) = -4*p(j) + x(j). Let d be q(5). What is the highest common factor of d and 12?
4
Suppose 8*q - 3*q - 30 = 0. Let c = -55 - -79. What is the greatest common divisor of q and c?
6
Suppose 2*n - 147 - 3 = 2*w, 4*w + 148 = 2*n. Calculate the highest common factor of 228 and n.
76
Let f = -362 - -417. Calculate the highest common factor of 33 and f.
11
Suppose -396 = 2*t - 4*t. Let h = 335 - 313. What is the highest common divisor of t and h?
22
Suppose -16*m + 930 = 15*m. Suppose b = -5*g + 5, 3*b - 3*g - 52 - 17 = 0. What is the greatest common factor of m and b?
10
Let j = 2 + -16. Let x be 2/j - 526/(-7). What is the greatest common divisor of 30 and x?
15
Suppose 247 = 5*p + 2*d, 83 = 3*p + 2*d - 62. Calculate the greatest common factor of p and 17.
17
Let c = 1249 + -1221. Calculate the highest common divisor of c and 140.
28
Let k be 3/6*16 - -332. Calculate the highest common divisor of 40 and k.
20
Suppose -2*p = -j - 1, -4*j = j - 2*p - 19. Let u(i) = -2*i + 0*i + 0*i + 23 + 6*i. Let l be u(8). What is the greatest common divisor of l and j?
5
Let p = -28 - -41. Calculate the greatest common factor of p and 351.
13
Suppose 4*f + 5 - 1 = 0. Let m be (f + 44)*1/(-1). Let y = 34 - m. Calculate the highest common divisor of y and 7.
7
Suppose 0 = -5*x - 2*g + 104, -3*x - 2*g = -89 + 29. What is the highest common divisor of 242 and x?
22
Let k(z) = z**3 - 3*z**2 - 5*z + 1. Suppose p + 38 - 43 = 0. Let y be k(p). Calculate the greatest common divisor of y and 39.
13
Suppose 8*g - 167 = -39. Let k(q) be the second derivative of 13*q**3/6 + q**2/2 + 5*q. Let h be k(3). What is the highest common factor of h and g?
8
Let b be 9*((-2)/(-6))/((-11)/22). Let q be 22*(-3)/b + 0. What is the highest common divisor of 88 and q?
11
Let b = 380 + -375. Calculate the greatest common divisor of 5 and b.
5
Suppose 0 = -5*a - f + 23, -11*a = -12*a + 3*f - 5. What is the greatest common divisor of 16 and a?
4
Let s be (63/(-14))/(6/(-60)). Suppose -8 = r - 3*r, 5*n - r - 71 = 0. Calculate the greatest common factor of s and n.
15
Let t = 8 - 165. Let r = -22 - t. Let s = -39 - -93. Calculate the greatest common divisor of s and r.
27
Let r(u) = 10 + 0*u + u + 10. Let l be r(0). Calculate the highest common factor of l and 20.
20
Suppose -3*w - 826 + 3448 = 0. What is the greatest common factor of w and 38?
38
Let t(j) = 2*j + 2. Let c be t(-3). Let v be 1*-35 - (c - -1). Let k be ((-21)/(-14))/((-6)/v). Calculate the greatest common divisor of k and 56.
8
Suppose 5*a = 158 + 67. Let r(q) = q**3 + 5*q**2 + 2*q - 6. Let l be r(-4). Suppose m + l*m = a. Calculate the highest common factor of 10 and m.
5
Suppose 69*p - 70*p = -6. Let y be (-1)/(-2) + (-1)/2. Suppose y = 4*x + 4*u + u - 63, 4*x + 3*u = 57. Calculate the highest common divisor of p and x.
6
Suppose -24*w - 57*w = -2106. What is the greatest common factor of w and 91?
13
Let t be -8*(-140 + 7) - (-12)/3. What is the highest common divisor of 12 and t?
12
Suppose 29*z - 15 = 28*z. What is the highest common factor of 35 and z?
5
Let l = 460 - 450. Calculate the greatest common factor of 1090 and l.
10
Let y be 140/16 - (-1)/4. Let d = 34 + -66. Let b be 7*(2 + d/28). What is the greatest common factor of y and b?
3
Suppose -2*l - 3*y = -249, 6*y + 274 = 2*l + 4*y. Let v(j) = -j**2 + 8*j - 3. Let a be v(3). Calculate the greatest common factor of l and a.
12
Suppose -2*p = -7*p + 20. Suppose -i = 7*i - 232. Let x = i - 1. What is the greatest common divisor of p and x?
4
Let a = 2 - 0. Let n be (2 - 2) + a + 97. Calculate the highest common divisor of n and 11.
11
Suppose -5*m - 350 = 5*y, 0 = 3*y - 2*m - m + 180. Let o = 95 + y. What is the greatest common divisor of 75 and o?
15
Let o(t) = -t**3 - 11*t**2 + 9*t + 7. Let c be o(-12). Suppose -c*f - 300 = -49*f. Calculate the greatest common factor of 10 and f.
10
Suppose 15 = -50*a + 53*a. Suppose -3*l + 240 = a*l. Suppose -2*n + 60 = 3*n - 2*o, 2*o = 0. Calculate the highest common divisor of n and l.
6
Suppose 2*y = -2*o + o + 175, 0 = 2*y + 3*o - 173. Let i = 211 + -129. Let g = i + -71. Calculate the greatest common divisor of y and g.
11
Let c be 0/(21/(-7)) - (0 + -5). Suppose -5*t + 0 + 10 = 0. Calculate the greatest common divisor of t and c.
1
Let g be (73/2 - 2)*4. Suppose g = 2*r + 48. Suppose -x + 4*b + 21 = 0, 2*x - 7 = -b - 1. What is the greatest common factor of x and r?
5
Let c be ((-18)/(-15))/((-2)/(-5)). Let g be (-1)/(2*c/(-48)). Let b = 29 + -27. What is the highest common divisor of g and b?
2
Suppose -6*a - 10 = -22. Suppose -2 = -a*y - 0, 3*y - 21 = -2*w. Calculate the highest common divisor of w and 9.
9
Let b be 22/77 - 19/(-7). Suppose b*v + 5*t + 55 = 0, -5*v + 2*t + 0 = 40. Let p be (-1 + -1)*15/v. What is the greatest common divisor of 27 and p?
3
Let j = 97 - 27. What is the greatest common factor of j and 80?
10
Suppose -11 - 27 = -19*d. Calculate the highest common divisor of 46 and d.
2
Let c = 299 - 280. Calculate the highest common factor of c and 95.
19
Suppose -3*y = -2 - 1, 4*s + y = 9. Let z be s/(-11) - 4/((-308)/2863). What is the highest common divisor of 37 and z?
37
Let t(u) = 31*u - 254. Let o be t(9). What is the greatest common factor of 2 and o?
1
Let a be -10*(-2)/(-8)*(10 - 14). What is the highest common divisor of 245 and a?
5
Suppose 0 = -69*y + 67*y + 54. Suppose j = 2*p + 216, -3*j = -0*p - 4*p - 648. Calculate the greatest common factor of j and y.
27
Let a = 9 - 0. Let i(c) = 2*c**2 - 11*c + 28. Let l be i(a). Let t be (1/(-2))/(2/(-52)). What is the greatest common divisor of l and t?
13
Let v = 903 - 515. Suppose 132 + v = 5*y. Calculate the greatest common factor of 13 and y.
13
Let b = 21 + -7. Suppose 46 + b = 3*j. Suppose 0 = -l + 4 + j. Calculate the highest common factor of l and 16.
8
Suppose 3*g = 114 + 369. Let n be (8/(-10))/((-4)/(22 - 2)). Suppose 5*i - 3*i + 100 = n*p, 5*i + 43 = p. Calculate the greatest common factor of p and g.
23
Let i be 106 - 1 - ((-98)/(-7) + -7). What is the highest common divisor of 833 and i?
49
Let j be 540/6 - (-2 - -2). Suppose -96*c = -91*c - j. What is the highest common divisor of 36 and c?
18
Let n = 34 - 20. Let o = 67 - -31. What is the greatest common factor of o and n?
14
Suppose -2*r = 4*u - 64, 0 = -2*r - 3*u - 15 + 75. Suppose -5*v = 5*c - 50, 32 = 88*c - 85*c + 4*v. Calculate the highest common divisor of c and r.
8
Let o = -14 + 70. Let r(f) = -f + 11. Let n be r(3). Calculate the greatest common divisor of n and o.
8
Let c(w) = 9*w + 139. Let h be c(-11). What is the highest common divisor of 50 and h?
10
Let x(l) = 3*l + 139. Let j be x(-25). What is the highest common divisor of j and 16?
16
Let z(p) = -p**2 + 14*p + 18. Let y be z(15). Suppose y*s - 3 = 15. Suppose -3*t + 24 = s. What is the greatest common factor of 18 and t?
6
Suppose 0 = j + 4*j - 15. Calculate the greatest common divisor of j and 9.
3
Suppose 9*c - 3*c - 12 = 0. Suppose c*t + t - 15 = 0. Calculate the greatest common factor of t and 5.
5
Let m be (-27)/6*16/(-6). Let n(u) = -13*u + 64. Let q be n(4). What is the highest common factor of q and m?
12
Let h = -698 + 1193. What is the highest common factor of 66 and h?
33
Suppose -v - 2 = -3. Suppose -f = c - 0*c, 2*f - 4 = -4*c. Let k(a) = a**2 + a + 1. Let p be k(c). Calculate the greatest common divisor of v and p.
1
Suppose -34 = -0*r + 2*r - 5*o, 0 = -3*r - 3*o - 9. Let t be (-1 - -3)/((-1)/r). What is the greatest common factor of t and 126?
14
Let f be 8/(-6)*4326/(-27 - -13). Calculate the highest common divisor of 103 and f.
103
Let v = 13 + 17. Let k(h) = -3*h - 10. Let i be k(-4). Let g(j) = 11*j - 2. Let a be g(i). Calculate the greatest common divisor of a and v.
10
Let x = -592 + 632. Calculate the greatest common divisor of 184 and x.
8
Let n = 636 - 359. Let r be 2/(-5) + n/5. Let d(h) = -h**3 + 2*h**2 + h - 3. Let u be d(-2). Calculate the highest common divisor of u and r.
11
Suppose -2*t = 5 - 37. Let n(i) = -i**3 + 9*i**2 + i - 8. Let g be n(8). Calculate the highest common divisor of g and t.
1